
25
Calculate the greatest common divisor of 28 and 182.
14
What is the highest common divisor of 36 and 72?
36
Calculate the greatest common divisor of 294 and 1701.
21
What is the greatest common divisor of 1480 and 74?
74
What is the highest common divisor of 10 and 2664?
2
Calculate the highest common factor of 132 and 2244.
132
What is the highest common divisor of 7 and 15253?
7
Calculate the highest common divisor of 32 and 4.
4
Calculate the greatest common divisor of 4 and 413.
1
What is the greatest common divisor of 203 and 29?
29
Calculate the greatest common factor of 336 and 1296.
48
What is the greatest common factor of 164 and 8?
4
What is the greatest common divisor of 3233 and 212?
53
Calculate the greatest common factor of 1881 and 108.
9
What is the highest common factor of 384 and 288?
96
What is the greatest common factor of 8 and 22?
2
What is the highest common divisor of 74 and 128?
2
What is the highest common factor of 130 and 50?
10
What is the greatest common divisor of 290 and 261?
29
What is the highest common divisor of 180 and 45?
45
Calculate the highest common factor of 15 and 8.
1
What is the highest common divisor of 8622 and 18?
18
What is the greatest common divisor of 600 and 180?
60
What is the highest common divisor of 1581 and 17?
17
What is the greatest common divisor of 144 and 630?
18
What is the greatest common factor of 2349 and 58?
29
What is the greatest common factor of 37820 and 248?
124
What is the highest common factor of 310 and 20?
10
Calculate the greatest common factor of 228 and 380.
76
Calculate the highest common divisor of 220 and 90.
10
What is the greatest common factor of 767 and 13?
13
Calculate the highest common divisor of 264 and 1452.
132
Calculate the greatest common factor of 95 and 133.
19
What is the highest common factor of 374 and 34?
34
What is the greatest common factor of 39 and 65?
13
Calculate the greatest common factor of 9 and 54.
9
What is the highest common factor of 60 and 420?
60
What is the greatest common divisor of 1534 and 52?
26
What is the highest common factor of 4962 and 6?
6
What is the greatest common divisor of 216 and 1112?
8
What is the greatest common factor of 54 and 1647?
27
What is the greatest common divisor of 20 and 590?
10
What is the highest common divisor of 209 and 1064?
19
What is the highest common factor of 36 and 81?
9
What is the greatest common divisor of 139 and 556?
139
Calculate the greatest common factor of 99 and 3333.
33
Calculate the greatest common divisor of 322 and 98.
14
What is the highest common factor of 1050 and 75?
75
What is the highest common factor of 19 and 2641?
19
What is the highest common divisor of 47 and 705?
47
Calculate the greatest common divisor of 1280 and 20.
20
What is the greatest common divisor of 32 and 40?
8
What is the highest common divisor of 181 and 1?
1
What is the greatest common factor of 533 and 104?
13
What is the greatest common factor of 49 and 1568?
49
What is the greatest common divisor of 147 and 21168?
147
What is the greatest common divisor of 425 and 170?
85
Calculate the greatest common divisor of 6 and 954.
6
Calculate the highest common divisor of 10500 and 35.
35
What is the highest common factor of 6 and 135?
3
What is the highest common divisor of 291 and 3589?
97
What is the highest common factor of 16407 and 9?
9
What is the greatest common factor of 535 and 155?
5
What is the greatest common factor of 32 and 1072?
16
Calculate the highest common factor of 192 and 69.
3
What is the greatest common factor of 56620 and 380?
380
What is the highest common divisor of 198 and 3993?
33
Calculate the highest common factor of 424 and 954.
106
Calculate the greatest common factor of 198 and 306.
18
What is the greatest common divisor of 806 and 310?
62
Calculate the greatest common factor of 83 and 1.
1
What is the greatest common factor of 172 and 559?
43
Calculate the greatest common divisor of 216 and 729.
27
Calculate the highest common factor of 3789 and 144.
9
Calculate the highest common factor of 288 and 672.
96
What is the highest common factor of 231 and 66?
33
What is the highest common factor of 56 and 1120?
56
What is the highest common divisor of 5986 and 246?
82
Calculate the highest common divisor of 14 and 2534.
14
Calculate the greatest common divisor of 400 and 70.
10
What is the greatest common factor of 4 and 64?
4
Calculate the highest common factor of 19456 and 152.
152
What is the highest common factor of 414 and 4?
2
Calculate the greatest common factor of 2534 and 14.
14
What is the highest common divisor of 210 and 42?
42
What is the greatest common divisor of 21 and 1568?
7
Calculate the highest common divisor of 38 and 32.
2
Calculate the greatest common divisor of 345 and 805.
115
Calculate the highest common factor of 306 and 59058.
306
Calculate the highest common divisor of 651 and 6944.
217
Calculate the highest common factor of 184 and 16.
8
What is the highest common divisor of 189 and 21?
21
Calculate the highest common divisor of 391 and 51.
17
What is the highest common factor of 34 and 578?
34
What is the greatest common divisor of 14295 and 45?
15
Calculate the highest common divisor of 567 and 9.
9
Calculate the greatest common divisor of 3110 and 100.
10
What is the greatest common divisor of 13 and 1157?
13
What is the highest common divisor of 41 and 3321?
41
Calculate the greatest common factor of 972 and 36.
36
Calculate the greatest common divisor of 198 and 162.
18
Calculate the greatest common factor of 13061 and 2824.
353
Calculate the greatest common divisor of 56 and 301.
7
Calculate the greatest common divisor of 30 and 1605.
15
Calculate the highest common factor of 72 and 1062.
18
Calculate the highest common divisor of 12 and 654.
6
Calculate the highest common divisor of 672 and 532.
28
What is the highest common factor of 1603 and 63?
7
Calculate the greatest common factor of 1 and 562.
1
Calculate the highest common divisor of 63 and 27.
9
What is the highest common divisor of 26841 and 69?
69
What is the greatest common factor of 54 and 212?
2
What is the greatest common factor of 168 and 1512?
168
Calculate the greatest common factor of 344 and 40.
8
Calculate the highest common divisor of 360 and 45.
45
Calculate the greatest common divisor of 24 and 31404.
12
What is the greatest common factor of 105 and 30?
15
Calculate the greatest common divisor of 1035 and 483.
69
Calculate the greatest common factor of 5292 and 63.
63
What is the greatest common factor of 156 and 273?
39
What is the highest common divisor of 114 and 4731?
57
What is the highest common divisor of 3725 and 700?
25
What is the highest common factor of 6149 and 344?
43
What is the highest common factor of 104 and 260?
52
Calculate the highest common divisor of 1519 and 155.
31
Calculate the highest common factor of 17472 and 96.
96
What is the greatest common factor of 34 and 544?
34
What is the highest common divisor of 704 and 64?
64
What is the highest common factor of 21 and 8379?
21
What is the highest common divisor of 17 and 1802?
17
Calculate the highest common factor of 2607 and 462.
33
What is the highest common divisor of 45 and 6?
3
What is the greatest common factor of 40 and 640?
40
Calculate the highest common divisor of 16 and 1024.
16
Calculate the greatest common factor of 1225 and 75.
25
Calculate the greatest common factor of 272 and 748.
68
What is the greatest common divisor of 91 and 104?
13
Calculate the highest common factor of 22 and 165.
11
Calculate the greatest common factor of 12950 and 1750.
350
Calculate the greatest common factor of 25 and 950.
25
Calculate the highest common divisor of 391 and 23.
23
Calculate the greatest common divisor of 2061 and 117.
9
Calculate the highest common factor of 22 and 20614.
22
Calculate the greatest common divisor of 2632 and 126.
14
What is the highest common factor of 275 and 187?
11
What is the greatest common factor of 119 and 11?
1
Calculate the highest common divisor of 55 and 517.
11
Calculate the highest common divisor of 49 and 49.
49
Calculate the greatest common divisor of 37376 and 146.
146
What is the highest common factor of 404 and 5?
1
Calculate the greatest